)/(-3) + -5?
1
Let q(z) = 4*z**3 - 2*z**2 + 1. Let j be q(-1). Let a be (-2 - (-35)/25)*j. Suppose -a*t + 59 = 5*k, -2*t - t + 99 = -3*k. What is the tens digit of t?
2
Let j(w) = -2*w**3 + 23*w**2 + 13*w - 14. Let r be j(12). What is the units digit of (34/51)/(r/(-837))?
9
What is the units digit of 3/((-21)/(-206108))*-3*18/(-27)?
8
Let y be 15/3 - (0/3)/1. Suppose d = -0 + y. Suppose 0 = 2*t + 5*s - 391, -d*t = -4*s - 869 - 59. What is the hundreds digit of t?
1
Let o(m) = -2*m**2 - 14*m - 30. Let x be o(-6). Let n = -15 - x. What is the tens digit of (n + 100/16)*12?
1
Suppose 3*x = -6*x - 190935 + 528939. What is the units digit of x?
6
Let v be 3/(-2)*60/(-18). Suppose v*d = t - 197, 0 = -2*d - 2*d + 16. What is the hundreds digit of t?
2
Let h = 41 + -37. Let a be h*118/16*-6. Let x = -90 - a. What is the units digit of x?
7
Let j = -174 + -134. Let h = 123 - j. What is the units digit of h?
1
Let j = -69 + 110. Suppose j*x - 11*x = 5550. What is the hundreds digit of x?
1
Let h(u) = 2*u**2 - 49*u + 124. What is the ten thousands digit of h(-65)?
1
Let o(z) = 2085*z + 1594. What is the hundreds digit of o(11)?
5
Suppose -8*j = -5*j - 9. Suppose 5*z - 151 = 2*t, j*t = -z - 38 - 163. What is the tens digit of (2 - t) + -5 + 1?
6
What is the thousands digit of 3294 + -1 + 17 + -2?
3
Suppose 42958 = -21*c + 197665. What is the tens digit of c?
6
Let p = 100 + -91. Suppose -b - p*b = -3760. What is the tens digit of b?
7
Let g = 16 + 69. Suppose -3*w + 2*p = -27 - 61, 0 = -3*w + 5*p + g. What is the hundreds digit of (62/(-3))/((-5)/w)?
1
Suppose 294*u = 300*u + 3312. Let r = -345 - u. What is the tens digit of r?
0
Suppose -15*v - 1550 = -17*v - 4*j, 0 = -3*v + 2*j + 2309. Suppose -g - 16 = -v. What is the units digit of g?
5
Let w(l) be the second derivative of l**4/3 + 24*l**3 - 2*l**2 - 93*l. What is the units digit of w(-42)?
4
Suppose -6*f + 12 = -3*f. Suppose -f*w = 2*c - 4, -3*w + 1 = -2. Suppose -88 = -4*s + 2*p, s - 3*p = -c + 12. What is the units digit of s?
4
Let n(s) = s**3 - 13*s**2 + 33*s - 80. What is the tens digit of n(22)?
0
Let g(c) be the third derivative of 7*c**4/8 - 53*c**3/2 + 42*c**2. What is the tens digit of g(31)?
9
Suppose -2*v + 60952 = -74058 - 7252. What is the hundreds digit of v?
1
Let o(i) = 360*i**2 + 32*i + 20. What is the hundreds digit of o(-9)?
8
Let x be (2 - 4) + 10 + 1. Suppose -y + x = 2*y, -4*f - 4*y + 48 = 0. Suppose 128 = w + 3*s, -4*w + 4*s + 491 = f*s. What is the tens digit of w?
1
Let a = 161 + -156. Suppose -2079 - 826 = -a*c. What is the tens digit of c?
8
What is the tens digit of 75/(-24) - (-11)/88 - -9635?
3
Suppose -5*l + c + 12264 = 0, 8*l - 4*c = 7*l + 2468. Suppose -3*g - 1226 = -2*s, 4*s - 5*g - l = -9*g. What is the units digit of s?
3
Suppose 0 = -5*b - 3*k + 55547, -4*k = -5*b + 9011 + 46508. What is the units digit of b?
7
Suppose 2*p = 10*p - 48. Suppose 0 = 5*u - p*u + 805. What is the hundreds digit of u?
8
Suppose m = r - 2171, -2*m - 10848 = -5*r - 4*m. What is the units digit of (r/(-49))/((-4)/28)?
0
What is the units digit of (0/(-7) - (-4 + 918/(-12)))*694?
7
What is the units digit of 48*19/2*(-2 - -8)?
6
Let m = -17 - -21. Suppose -2*f + 4*f + 9 = k, 3 = m*k + 3*f. Suppose 3*j - 618 = -k*j. What is the tens digit of j?
0
Let g be (-2)/(-1) - (1 + (1 - 2)). What is the tens digit of (-2188)/(-8) - g/(-4)?
7
Let d = -60 + 67. Suppose 0 = -3*u + d*u - 16. Suppose 3*r - 138 = -0*r + 5*l, 2*l - 210 = -u*r. What is the tens digit of r?
5
What is the hundreds digit of 217216/8 - (-83 - -62)?
1
Suppose -6*d - 36484 = -13*d - 7*d. What is the hundreds digit of d?
6
Let b(t) = -t - 31. Let q be b(-34). What is the hundreds digit of (10605/q)/7 - -5?
5
Let z(h) = 3*h**2 - 6*h. Suppose 58*u - 52 = 54*u. What is the hundreds digit of z(u)?
4
Let a(b) = -b + 2. Let l be a(10). What is the units digit of -4 - (-3 + 1)/(l/(-1052))?
9
Let h(o) = -6*o**3 + 38*o**2 + 5. Let b be h(4). Let f(c) = 2*c**3 - 3*c**2 + 2. Let w be f(2). What is the tens digit of (w + (-5)/1)*b?
2
Let r be ((-1)/((-3)/(-14373)))/(-3). Let h = r - 972. What is the tens digit of h?
2
Suppose -409 = -8*c + 143. Suppose -2*y + 2*t = -273 + 91, 0 = y + t - 97. Let f = y - c. What is the tens digit of f?
2
What is the tens digit of 51/(-17)*27964/(-6)?
8
What is the thousands digit of (-3)/((-44255)/3404 - -13)?
3
Suppose 0 = l - 314*n + 312*n - 6725, -n = 4*l - 26891. What is the thousands digit of l?
6
Let v = 66 - 63. Suppose 5*i = 3*j + 503 - v, i - 2*j - 107 = 0. What is the tens digit of i?
9
Suppose 0 = 3*g + 5*h + 34 + 46, 0 = 5*g + 2*h + 108. Let j = g + 26. Suppose 23 + 271 = j*t. What is the tens digit of t?
4
Suppose 5*c = 3*y + 4*c - 10570, 2*c + 10574 = 3*y. What is the units digit of y?
2
Let a = -10892 + 18054. What is the units digit of a?
2
Suppose -30*j - 22*j = -63*j + 530057. What is the units digit of j?
7
Let l(f) = 21*f + 16. Let m(r) = 3*r - 10. Let x be m(4). Suppose -x*t - 4 = -14. What is the hundreds digit of l(t)?
1
What is the units digit of 46237866/2070 - 4/30?
7
Suppose 0*p - 4*j = 2*p - 6, -12 = -4*p + 2*j. Let s be (p/2)/(1/(-66)). Let y = -41 - s. What is the units digit of y?
8
Suppose 157*o - 39*o - 2242 = 0. Suppose 3*g = -2*g. Suppose -9*v + o*v - 110 = g. What is the tens digit of v?
1
Let x be (23 - 2342)*3/(18/4). Let t = -767 - x. What is the units digit of t?
9
Let p(r) = 292*r**2 - 132*r + 61. What is the units digit of p(-6)?
5
Let r = -927 - -832. What is the hundreds digit of (-38)/r - 1278/15*-3?
2
Suppose 9*g + 1750122 = 108*g. What is the thousands digit of g?
7
Suppose -x - 4 = -16. Suppose 4*t - v - 6 = 6, -4*t - 5*v = x. Suppose s + t*s = 99. What is the units digit of s?
3
Let s(l) be the second derivative of -1/6*l**3 + 1/2*l**4 - 7/2*l**2 + 9*l + 0. What is the tens digit of s(-4)?
9
Let g = 159 - -92. Suppose 16*x - 29*x = -1443. Let o = g - x. What is the hundreds digit of o?
1
Suppose -11*g = -3*g. Suppose 2*m - 7*m + 620 = g. Suppose -3*d - 2*z - 2*z = -m, 4*d - 2*z = 180. What is the tens digit of d?
4
Let n = 6810 - 2670. Suppose -5*q + 4140 = -4*b, 2*b = -21*q + 16*q + n. What is the units digit of q?
8
Suppose 3*n - 10 = -1, 4*v - 5*n = -3. Suppose -7 = -a + m, 2*a - 4*m - 19 = v. Suppose -a*p + 2*h + 151 = 0, 5*p - 253 = h + 3*h. What is the units digit of p?
9
Let j(z) = -78*z - 10*z - 12 - 9. What is the tens digit of j(-6)?
0
Let i(h) = -6*h**3 - 7*h**2 + 17*h + 8. Let y be i(8). Let w be (-16)/20 - y/20. Suppose 5*n = 5*t - 900, t + 10*n - w = 15*n. What is the hundreds digit of t?
1
Suppose t + 4 = 0, 0*t - 20 = r + t. Let b(o) = -o**3 - 37*o**2 - 36*o + 59. Let p be b(-36). Let j = p + r. What is the tens digit of j?
4
Suppose 291 = 11*y - 512. Suppose q + 2*m + 3*m = y, -2*q + m + 201 = 0. What is the tens digit of q?
9
Let s(f) = 1368*f**2 + 3*f - 1. Let h be s(1). Suppose -502 - h = -6*y. What is the units digit of y?
2
Suppose -s + 1682 = 5*m, 0*s + 3*s - 1350 = -4*m. Suppose 284 + m = r. What is the units digit of r?
0
Let y be ((-444)/(-16))/((-6)/16). Let k = 275 + y. What is the tens digit of k?
0
What is the hundreds digit of 1/(17 - 9984762/587340)?
6
Let k be 4/3*(5 + -50)/(-15). Let x(u) = 8*u**2 + 2*u + 2. What is the units digit of x(k)?
8
What is the units digit of (15/(-10) + 1)/((-10)/50140)?
7
Suppose -50*z = 29*z - 33961 - 200353. What is the tens digit of z?
6
Suppose -5*d = 6*k - 86030, -17206 = -d - 1475*k + 1470*k. What is the hundreds digit of d?
2
Suppose 41*a + 45 = 38*a. Let n(k) = -133*k + 53. Let s be n(a). Suppose -6*r = 2*r - s. What is the tens digit of r?
5
Suppose 0 = 3*w + 12, -7*w + 17 = 3*d - 3*w. Suppose -36 = 4*l - 4*b, 5*b - d - 6 = -2*l. What is the tens digit of (l + (6 - 1))*131?
3
Let l be 5 + -6*(-2)/(-4). Let z(g) = -2*g + 25*g**l - 31*g**2 + 3 + 17*g**2. What is the units digit of z(3)?
6
Let w(d) = -5*d**2 - d - 65. Let g(o) = 3*o**2 + o + 32. Let j = -22 + 18. Let s(k) = j*w(k) - 7*g(k). What is the tens digit of s(0)?
3
Suppose 0 = -3*l - g + 20468, l - 3420 = 2*g + 3391. What is the tens digit of l?
2
Let v be 4702/16 - 43/(-344). Suppose 3*j - v = 3*k + 258, 0 = -5*j - 2*k + 885. What is the tens digit of j?
7
Suppose 0 = -6*u + 5*u - 2, -3*u - 11 = d. What is the units digit of 729